{"id":39,"date":"2017-10-16T11:53:42","date_gmt":"2017-10-16T09:53:42","guid":{"rendered":"http:\/\/pso.kund.aloqdev.se\/gotland\/?page_id=39"},"modified":"2018-08-24T10:13:08","modified_gmt":"2018-08-24T08:13:08","slug":"startsida","status":"publish","type":"page","link":"https:\/\/www.psoriasisforbundet.se\/gotland\/","title":{"rendered":"Startsida"},"content":{"rendered":"","protected":false},"excerpt":{"rendered":"","protected":false},"author":3,"featured_media":0,"parent":0,"menu_order":0,"comment_status":"closed","ping_status":"closed","template":"","meta":{"_acf_changed":false,"_monsterinsights_skip_tracking":false,"_monsterinsights_sitenote_active":false,"_monsterinsights_sitenote_note":"","_monsterinsights_sitenote_category":0,"footnotes":""},"class_list":["post-39","page","type-page","status-publish","hentry"],"acf":[],"yoast_head":"<!-- This site is optimized with the Yoast SEO plugin v27.4 - https:\/\/yoast.com\/product\/yoast-seo-wordpress\/ -->\n<title>Startsida - Gotlands l\u00e4n<\/title>\n<meta name=\"description\" content=\"V\u00e4lkommen till Psoriasisf\u00f6rbundet och Gotlands l\u00e4nsavdelning.\" \/>\n<meta name=\"robots\" content=\"index, follow, max-snippet:-1, max-image-preview:large, max-video-preview:-1\" \/>\n<link rel=\"canonical\" href=\"https:\/\/www.psoriasisforbundet.se\/gotland\/\" \/>\n<meta property=\"og:locale\" content=\"sv_SE\" \/>\n<meta property=\"og:type\" content=\"article\" \/>\n<meta property=\"og:title\" content=\"Startsida - Gotlands l\u00e4n\" \/>\n<meta property=\"og:description\" content=\"V\u00e4lkommen till Psoriasisf\u00f6rbundet och Gotlands l\u00e4nsavdelning.\" \/>\n<meta property=\"og:url\" content=\"https:\/\/www.psoriasisforbundet.se\/gotland\/\" \/>\n<meta property=\"og:site_name\" content=\"Gotlands l\u00e4n\" \/>\n<meta property=\"article:modified_time\" content=\"2018-08-24T08:13:08+00:00\" \/>\n<meta name=\"twitter:card\" content=\"summary_large_image\" \/>\n<script type=\"application\/ld+json\" class=\"yoast-schema-graph\">{\"@context\":\"https:\\\/\\\/schema.org\",\"@graph\":[{\"@type\":\"WebPage\",\"@id\":\"https:\\\/\\\/www.psoriasisforbundet.se\\\/gotland\\\/\",\"url\":\"https:\\\/\\\/www.psoriasisforbundet.se\\\/gotland\\\/\",\"name\":\"Startsida - Gotlands l\u00e4n\",\"isPartOf\":{\"@id\":\"https:\\\/\\\/www.psoriasisforbundet.se\\\/gotland\\\/#website\"},\"datePublished\":\"2017-10-16T09:53:42+00:00\",\"dateModified\":\"2018-08-24T08:13:08+00:00\",\"description\":\"V\u00e4lkommen till Psoriasisf\u00f6rbundet och Gotlands l\u00e4nsavdelning.\",\"breadcrumb\":{\"@id\":\"https:\\\/\\\/www.psoriasisforbundet.se\\\/gotland\\\/#breadcrumb\"},\"inLanguage\":\"sv-SE\",\"potentialAction\":[{\"@type\":\"ReadAction\",\"target\":[\"https:\\\/\\\/www.psoriasisforbundet.se\\\/gotland\\\/\"]}]},{\"@type\":\"BreadcrumbList\",\"@id\":\"https:\\\/\\\/www.psoriasisforbundet.se\\\/gotland\\\/#breadcrumb\",\"itemListElement\":[{\"@type\":\"ListItem\",\"position\":1,\"name\":\"Startsida\",\"item\":\"https:\\\/\\\/www.psoriasisforbundet.se\\\/gotland\\\/\"},{\"@type\":\"ListItem\",\"position\":2,\"name\":\"Startsida\"}]},{\"@type\":\"WebSite\",\"@id\":\"https:\\\/\\\/www.psoriasisforbundet.se\\\/gotland\\\/#website\",\"url\":\"https:\\\/\\\/www.psoriasisforbundet.se\\\/gotland\\\/\",\"name\":\"Gotlands l\u00e4n\",\"description\":\"En till Psorias Sites webbplats\",\"potentialAction\":[{\"@type\":\"SearchAction\",\"target\":{\"@type\":\"EntryPoint\",\"urlTemplate\":\"https:\\\/\\\/www.psoriasisforbundet.se\\\/gotland\\\/?s={search_term_string}\"},\"query-input\":{\"@type\":\"PropertyValueSpecification\",\"valueRequired\":true,\"valueName\":\"search_term_string\"}}],\"inLanguage\":\"sv-SE\"}]}<\/script>\n<!-- \/ Yoast SEO plugin. -->","yoast_head_json":{"title":"Startsida - Gotlands l\u00e4n","description":"V\u00e4lkommen till Psoriasisf\u00f6rbundet och Gotlands l\u00e4nsavdelning.","robots":{"index":"index","follow":"follow","max-snippet":"max-snippet:-1","max-image-preview":"max-image-preview:large","max-video-preview":"max-video-preview:-1"},"canonical":"https:\/\/www.psoriasisforbundet.se\/gotland\/","og_locale":"sv_SE","og_type":"article","og_title":"Startsida - Gotlands l\u00e4n","og_description":"V\u00e4lkommen till Psoriasisf\u00f6rbundet och Gotlands l\u00e4nsavdelning.","og_url":"https:\/\/www.psoriasisforbundet.se\/gotland\/","og_site_name":"Gotlands l\u00e4n","article_modified_time":"2018-08-24T08:13:08+00:00","twitter_card":"summary_large_image","schema":{"@context":"https:\/\/schema.org","@graph":[{"@type":"WebPage","@id":"https:\/\/www.psoriasisforbundet.se\/gotland\/","url":"https:\/\/www.psoriasisforbundet.se\/gotland\/","name":"Startsida - Gotlands l\u00e4n","isPartOf":{"@id":"https:\/\/www.psoriasisforbundet.se\/gotland\/#website"},"datePublished":"2017-10-16T09:53:42+00:00","dateModified":"2018-08-24T08:13:08+00:00","description":"V\u00e4lkommen till Psoriasisf\u00f6rbundet och Gotlands l\u00e4nsavdelning.","breadcrumb":{"@id":"https:\/\/www.psoriasisforbundet.se\/gotland\/#breadcrumb"},"inLanguage":"sv-SE","potentialAction":[{"@type":"ReadAction","target":["https:\/\/www.psoriasisforbundet.se\/gotland\/"]}]},{"@type":"BreadcrumbList","@id":"https:\/\/www.psoriasisforbundet.se\/gotland\/#breadcrumb","itemListElement":[{"@type":"ListItem","position":1,"name":"Startsida","item":"https:\/\/www.psoriasisforbundet.se\/gotland\/"},{"@type":"ListItem","position":2,"name":"Startsida"}]},{"@type":"WebSite","@id":"https:\/\/www.psoriasisforbundet.se\/gotland\/#website","url":"https:\/\/www.psoriasisforbundet.se\/gotland\/","name":"Gotlands l\u00e4n","description":"En till Psorias Sites webbplats","potentialAction":[{"@type":"SearchAction","target":{"@type":"EntryPoint","urlTemplate":"https:\/\/www.psoriasisforbundet.se\/gotland\/?s={search_term_string}"},"query-input":{"@type":"PropertyValueSpecification","valueRequired":true,"valueName":"search_term_string"}}],"inLanguage":"sv-SE"}]}},"_links":{"self":[{"href":"https:\/\/www.psoriasisforbundet.se\/gotland\/wp-json\/wp\/v2\/pages\/39","targetHints":{"allow":["GET"]}}],"collection":[{"href":"https:\/\/www.psoriasisforbundet.se\/gotland\/wp-json\/wp\/v2\/pages"}],"about":[{"href":"https:\/\/www.psoriasisforbundet.se\/gotland\/wp-json\/wp\/v2\/types\/page"}],"author":[{"embeddable":true,"href":"https:\/\/www.psoriasisforbundet.se\/gotland\/wp-json\/wp\/v2\/users\/3"}],"replies":[{"embeddable":true,"href":"https:\/\/www.psoriasisforbundet.se\/gotland\/wp-json\/wp\/v2\/comments?post=39"}],"version-history":[{"count":8,"href":"https:\/\/www.psoriasisforbundet.se\/gotland\/wp-json\/wp\/v2\/pages\/39\/revisions"}],"predecessor-version":[{"id":120,"href":"https:\/\/www.psoriasisforbundet.se\/gotland\/wp-json\/wp\/v2\/pages\/39\/revisions\/120"}],"wp:attachment":[{"href":"https:\/\/www.psoriasisforbundet.se\/gotland\/wp-json\/wp\/v2\/media?parent=39"}],"curies":[{"name":"wp","href":"https:\/\/api.w.org\/{rel}","templated":true}]}}