{"id":47,"date":"2019-03-06T13:18:38","date_gmt":"2019-03-06T12:18:38","guid":{"rendered":"https:\/\/www.psoriasisforbundet.se\/kalmar\/?page_id=47"},"modified":"2025-04-14T13:54:13","modified_gmt":"2025-04-14T11:54:13","slug":"arsmote","status":"publish","type":"page","link":"https:\/\/www.psoriasisforbundet.se\/kalmar\/startsida\/arsmote\/","title":{"rendered":"\u00c5rsm\u00f6te"},"content":{"rendered":"","protected":false},"excerpt":{"rendered":"","protected":false},"author":8,"featured_media":0,"parent":2,"menu_order":0,"comment_status":"closed","ping_status":"closed","template":"","meta":{"_acf_changed":false,"_monsterinsights_skip_tracking":false,"_monsterinsights_sitenote_active":false,"_monsterinsights_sitenote_note":"","_monsterinsights_sitenote_category":0,"footnotes":""},"class_list":["post-47","page","type-page","status-publish","hentry"],"acf":[],"yoast_head":"<!-- This site is optimized with the Yoast SEO plugin v27.4 - https:\/\/yoast.com\/product\/yoast-seo-wordpress\/ -->\n<title>\u00c5rsm\u00f6te - Kalmar l\u00e4n<\/title>\n<meta name=\"robots\" content=\"index, follow, max-snippet:-1, max-image-preview:large, max-video-preview:-1\" \/>\n<link rel=\"canonical\" href=\"https:\/\/www.psoriasisforbundet.se\/kalmar\/startsida\/arsmote\/\" \/>\n<meta property=\"og:locale\" content=\"sv_SE\" \/>\n<meta property=\"og:type\" content=\"article\" \/>\n<meta property=\"og:title\" content=\"\u00c5rsm\u00f6te - Kalmar l\u00e4n\" \/>\n<meta property=\"og:url\" content=\"https:\/\/www.psoriasisforbundet.se\/kalmar\/startsida\/arsmote\/\" \/>\n<meta property=\"og:site_name\" content=\"Kalmar l\u00e4n\" \/>\n<meta property=\"article:modified_time\" content=\"2025-04-14T11:54:13+00:00\" \/>\n<meta name=\"twitter:card\" content=\"summary_large_image\" \/>\n<meta name=\"twitter:label1\" content=\"Ber\u00e4knad l\u00e4stid\" \/>\n\t<meta name=\"twitter:data1\" content=\"1 minut\" \/>\n<script type=\"application\/ld+json\" class=\"yoast-schema-graph\">{\"@context\":\"https:\\\/\\\/schema.org\",\"@graph\":[{\"@type\":\"WebPage\",\"@id\":\"https:\\\/\\\/www.psoriasisforbundet.se\\\/kalmar\\\/startsida\\\/arsmote\\\/\",\"url\":\"https:\\\/\\\/www.psoriasisforbundet.se\\\/kalmar\\\/startsida\\\/arsmote\\\/\",\"name\":\"\u00c5rsm\u00f6te - Kalmar l\u00e4n\",\"isPartOf\":{\"@id\":\"https:\\\/\\\/www.psoriasisforbundet.se\\\/kalmar\\\/#website\"},\"datePublished\":\"2019-03-06T12:18:38+00:00\",\"dateModified\":\"2025-04-14T11:54:13+00:00\",\"breadcrumb\":{\"@id\":\"https:\\\/\\\/www.psoriasisforbundet.se\\\/kalmar\\\/startsida\\\/arsmote\\\/#breadcrumb\"},\"inLanguage\":\"sv-SE\",\"potentialAction\":[{\"@type\":\"ReadAction\",\"target\":[\"https:\\\/\\\/www.psoriasisforbundet.se\\\/kalmar\\\/startsida\\\/arsmote\\\/\"]}]},{\"@type\":\"BreadcrumbList\",\"@id\":\"https:\\\/\\\/www.psoriasisforbundet.se\\\/kalmar\\\/startsida\\\/arsmote\\\/#breadcrumb\",\"itemListElement\":[{\"@type\":\"ListItem\",\"position\":1,\"name\":\"Startsida\",\"item\":\"https:\\\/\\\/www.psoriasisforbundet.se\\\/kalmar\\\/\"},{\"@type\":\"ListItem\",\"position\":2,\"name\":\"Startsida\",\"item\":\"https:\\\/\\\/www.psoriasisforbundet.se\\\/kalmar\\\/\"},{\"@type\":\"ListItem\",\"position\":3,\"name\":\"\u00c5rsm\u00f6te\"}]},{\"@type\":\"WebSite\",\"@id\":\"https:\\\/\\\/www.psoriasisforbundet.se\\\/kalmar\\\/#website\",\"url\":\"https:\\\/\\\/www.psoriasisforbundet.se\\\/kalmar\\\/\",\"name\":\"Kalmar l\u00e4n\",\"description\":\"En till Psorias Sites webbplats\",\"potentialAction\":[{\"@type\":\"SearchAction\",\"target\":{\"@type\":\"EntryPoint\",\"urlTemplate\":\"https:\\\/\\\/www.psoriasisforbundet.se\\\/kalmar\\\/?s={search_term_string}\"},\"query-input\":{\"@type\":\"PropertyValueSpecification\",\"valueRequired\":true,\"valueName\":\"search_term_string\"}}],\"inLanguage\":\"sv-SE\"}]}<\/script>\n<!-- \/ Yoast SEO plugin. -->","yoast_head_json":{"title":"\u00c5rsm\u00f6te - Kalmar l\u00e4n","robots":{"index":"index","follow":"follow","max-snippet":"max-snippet:-1","max-image-preview":"max-image-preview:large","max-video-preview":"max-video-preview:-1"},"canonical":"https:\/\/www.psoriasisforbundet.se\/kalmar\/startsida\/arsmote\/","og_locale":"sv_SE","og_type":"article","og_title":"\u00c5rsm\u00f6te - Kalmar l\u00e4n","og_url":"https:\/\/www.psoriasisforbundet.se\/kalmar\/startsida\/arsmote\/","og_site_name":"Kalmar l\u00e4n","article_modified_time":"2025-04-14T11:54:13+00:00","twitter_card":"summary_large_image","twitter_misc":{"Ber\u00e4knad l\u00e4stid":"1 minut"},"schema":{"@context":"https:\/\/schema.org","@graph":[{"@type":"WebPage","@id":"https:\/\/www.psoriasisforbundet.se\/kalmar\/startsida\/arsmote\/","url":"https:\/\/www.psoriasisforbundet.se\/kalmar\/startsida\/arsmote\/","name":"\u00c5rsm\u00f6te - Kalmar l\u00e4n","isPartOf":{"@id":"https:\/\/www.psoriasisforbundet.se\/kalmar\/#website"},"datePublished":"2019-03-06T12:18:38+00:00","dateModified":"2025-04-14T11:54:13+00:00","breadcrumb":{"@id":"https:\/\/www.psoriasisforbundet.se\/kalmar\/startsida\/arsmote\/#breadcrumb"},"inLanguage":"sv-SE","potentialAction":[{"@type":"ReadAction","target":["https:\/\/www.psoriasisforbundet.se\/kalmar\/startsida\/arsmote\/"]}]},{"@type":"BreadcrumbList","@id":"https:\/\/www.psoriasisforbundet.se\/kalmar\/startsida\/arsmote\/#breadcrumb","itemListElement":[{"@type":"ListItem","position":1,"name":"Startsida","item":"https:\/\/www.psoriasisforbundet.se\/kalmar\/"},{"@type":"ListItem","position":2,"name":"Startsida","item":"https:\/\/www.psoriasisforbundet.se\/kalmar\/"},{"@type":"ListItem","position":3,"name":"\u00c5rsm\u00f6te"}]},{"@type":"WebSite","@id":"https:\/\/www.psoriasisforbundet.se\/kalmar\/#website","url":"https:\/\/www.psoriasisforbundet.se\/kalmar\/","name":"Kalmar l\u00e4n","description":"En till Psorias Sites webbplats","potentialAction":[{"@type":"SearchAction","target":{"@type":"EntryPoint","urlTemplate":"https:\/\/www.psoriasisforbundet.se\/kalmar\/?s={search_term_string}"},"query-input":{"@type":"PropertyValueSpecification","valueRequired":true,"valueName":"search_term_string"}}],"inLanguage":"sv-SE"}]}},"_links":{"self":[{"href":"https:\/\/www.psoriasisforbundet.se\/kalmar\/wp-json\/wp\/v2\/pages\/47","targetHints":{"allow":["GET"]}}],"collection":[{"href":"https:\/\/www.psoriasisforbundet.se\/kalmar\/wp-json\/wp\/v2\/pages"}],"about":[{"href":"https:\/\/www.psoriasisforbundet.se\/kalmar\/wp-json\/wp\/v2\/types\/page"}],"author":[{"embeddable":true,"href":"https:\/\/www.psoriasisforbundet.se\/kalmar\/wp-json\/wp\/v2\/users\/8"}],"replies":[{"embeddable":true,"href":"https:\/\/www.psoriasisforbundet.se\/kalmar\/wp-json\/wp\/v2\/comments?post=47"}],"version-history":[{"count":23,"href":"https:\/\/www.psoriasisforbundet.se\/kalmar\/wp-json\/wp\/v2\/pages\/47\/revisions"}],"predecessor-version":[{"id":355,"href":"https:\/\/www.psoriasisforbundet.se\/kalmar\/wp-json\/wp\/v2\/pages\/47\/revisions\/355"}],"up":[{"embeddable":true,"href":"https:\/\/www.psoriasisforbundet.se\/kalmar\/wp-json\/wp\/v2\/pages\/2"}],"wp:attachment":[{"href":"https:\/\/www.psoriasisforbundet.se\/kalmar\/wp-json\/wp\/v2\/media?parent=47"}],"curies":[{"name":"wp","href":"https:\/\/api.w.org\/{rel}","templated":true}]}}

Årsmöte

<!-- This site is optimized with the Yoast SEO plugin v27.4 - https://yoast.com/product/yoast-seo-wordpress/ -->
<title>Årsmöte - Kalmar län</title>
<meta name="robots" content="index, follow, max-snippet:-1, max-image-preview:large, max-video-preview:-1" />
<link rel="canonical" href="https://www.psoriasisforbundet.se/kalmar/startsida/arsmote/" />
<meta property="og:locale" content="sv_SE" />
<meta property="og:type" content="article" />
<meta property="og:title" content="Årsmöte - Kalmar län" />
<meta property="og:url" content="https://www.psoriasisforbundet.se/kalmar/startsida/arsmote/" />
<meta property="og:site_name" content="Kalmar län" />
<meta property="article:modified_time" content="2025-04-14T11:54:13+00:00" />
<meta name="twitter:card" content="summary_large_image" />
<meta name="twitter:label1" content="Beräknad lästid" />
	<meta name="twitter:data1" content="1 minut" />
<script type="application/ld+json" class="yoast-schema-graph">{"@context":"https:\/\/schema.org","@graph":[{"@type":"WebPage","@id":"https:\/\/www.psoriasisforbundet.se\/kalmar\/startsida\/arsmote\/","url":"https:\/\/www.psoriasisforbundet.se\/kalmar\/startsida\/arsmote\/","name":"Årsmöte - Kalmar län","isPartOf":{"@id":"https:\/\/www.psoriasisforbundet.se\/kalmar\/#website"},"datePublished":"2019-03-06T12:18:38+00:00","dateModified":"2025-04-14T11:54:13+00:00","breadcrumb":{"@id":"https:\/\/www.psoriasisforbundet.se\/kalmar\/startsida\/arsmote\/#breadcrumb"},"inLanguage":"sv-SE","potentialAction":[{"@type":"ReadAction","target":["https:\/\/www.psoriasisforbundet.se\/kalmar\/startsida\/arsmote\/"]}]},{"@type":"BreadcrumbList","@id":"https:\/\/www.psoriasisforbundet.se\/kalmar\/startsida\/arsmote\/#breadcrumb","itemListElement":[{"@type":"ListItem","position":1,"name":"Startsida","item":"https:\/\/www.psoriasisforbundet.se\/kalmar\/"},{"@type":"ListItem","position":2,"name":"Startsida","item":"https:\/\/www.psoriasisforbundet.se\/kalmar\/"},{"@type":"ListItem","position":3,"name":"Årsmöte"}]},{"@type":"WebSite","@id":"https:\/\/www.psoriasisforbundet.se\/kalmar\/#website","url":"https:\/\/www.psoriasisforbundet.se\/kalmar\/","name":"Kalmar län","description":"En till Psorias Sites webbplats","potentialAction":[{"@type":"SearchAction","target":{"@type":"EntryPoint","urlTemplate":"https:\/\/www.psoriasisforbundet.se\/kalmar\/?s={search_term_string}"},"query-input":{"@type":"PropertyValueSpecification","valueRequired":true,"valueName":"search_term_string"}}],"inLanguage":"sv-SE"}]}</script>
<!-- / Yoast SEO plugin. -->

Årsmöte - Kalmar län

Kalmar län
