{"id":2,"date":"2017-10-11T21:26:34","date_gmt":"2017-10-11T19:26:34","guid":{"rendered":"http:\/\/pso.kund.aloqdev.se\/malmo-vellinge\/?page_id=2"},"modified":"2018-01-27T11:50:17","modified_gmt":"2018-01-27T10:50:17","slug":"startsida","status":"publish","type":"page","link":"https:\/\/www.psoriasisforbundet.se\/malmo-vellinge\/","title":{"rendered":"Startsida"},"content":{"rendered":"<p>Detta \u00e4r en exempelsida. Den skiljer sig fr\u00e5n ett blogginl\u00e4gg genom att den finns kvar p\u00e5 samma plats och troligen kommer att synas i din webbplatsnavigering (i de flesta teman). De flesta b\u00f6rjar med en Om-sida som presenterar dem f\u00f6r potentiella bes\u00f6kare. Den skulle t.ex kunna ha f\u00f6ljande inneh\u00e5ll:<\/p>\n<blockquote><p>Hej d\u00e4r! Jag \u00e4r cykelbud p\u00e5 dagen, blivande sk\u00e5despelare p\u00e5 natten och detta \u00e4r min blogg. Jag bor i \u00d6rebro, har en katt som heter Lurv och jag gillar Pina Coladas. (och att simma i G\u00f6ta kanal).<\/p><\/blockquote>\n<p>&#8230; eller n\u00e5got liknande detta:<\/p>\n<blockquote><p>F\u00f6retaget AB grundades 1971 och har sedan dess varit den st\u00f6rsta leverant\u00f6ren av grunk-manicker p\u00e5 den svenska marknaden. FAB finns i utkanten av Gr\u00f6nk\u00f6ping, har drygt 20000 anst\u00e4llda och l\u00e4ser veckobladet varje \u00e5r.<\/p><\/blockquote>\n<p>Som ny WordPress-anv\u00e4ndare b\u00f6r du g\u00e5 till <a href=\"https:\/\/www.psoriasisforbundet.se\/malmo-vellinge\/wp-admin\/\">din adminpanel<\/a> f\u00f6r att ta bort denna sida och sedan skapa nya sidor f\u00f6r ditt inneh\u00e5ll. Ha det s\u00e5 kul!<\/p>\n","protected":false},"excerpt":{"rendered":"<p>Detta \u00e4r en exempelsida. Den skiljer sig fr\u00e5n ett blogginl\u00e4gg genom att den finns kvar p\u00e5 samma plats och troligen kommer att synas i din webbplatsnavigering (i de flesta teman). De flesta b\u00f6rjar med en Om-sida som presenterar dem f\u00f6r potentiella bes\u00f6kare. Den skulle t.ex kunna ha f\u00f6ljande inneh\u00e5ll: Hej d\u00e4r! Jag \u00e4r cykelbud p\u00e5 [&hellip;]<\/p>\n","protected":false},"author":10,"featured_media":0,"parent":0,"menu_order":0,"comment_status":"closed","ping_status":"open","template":"","meta":{"_acf_changed":false,"_monsterinsights_skip_tracking":false,"_monsterinsights_sitenote_active":false,"_monsterinsights_sitenote_note":"","_monsterinsights_sitenote_category":0,"footnotes":""},"class_list":["post-2","page","type-page","status-publish","hentry"],"acf":[],"yoast_head":"<!-- This site is optimized with the Yoast SEO plugin v27.3 - https:\/\/yoast.com\/product\/yoast-seo-wordpress\/ -->\n<title>Startsida - Malm\u00f6 Vellinge<\/title>\n<meta name=\"description\" content=\"V\u00e4lkommen till Psoriasisf\u00f6rbundet och Malm\u00f6 Vellinge lokalavdelning.\" \/>\n<meta name=\"robots\" content=\"index, follow, max-snippet:-1, max-image-preview:large, max-video-preview:-1\" \/>\n<link rel=\"canonical\" href=\"https:\/\/www.psoriasisforbundet.se\/malmo-vellinge\/\" \/>\n<meta property=\"og:locale\" content=\"sv_SE\" \/>\n<meta property=\"og:type\" content=\"article\" \/>\n<meta property=\"og:title\" content=\"Startsida - Malm\u00f6 Vellinge\" \/>\n<meta property=\"og:description\" content=\"V\u00e4lkommen till Psoriasisf\u00f6rbundet och Malm\u00f6 Vellinge lokalavdelning.\" \/>\n<meta property=\"og:url\" content=\"https:\/\/www.psoriasisforbundet.se\/malmo-vellinge\/\" \/>\n<meta property=\"og:site_name\" content=\"Malm\u00f6 Vellinge\" \/>\n<meta property=\"article:modified_time\" content=\"2018-01-27T10:50:17+00:00\" \/>\n<meta name=\"twitter:card\" content=\"summary_large_image\" \/>\n<meta name=\"twitter:label1\" content=\"Ber\u00e4knad l\u00e4stid\" \/>\n\t<meta name=\"twitter:data1\" content=\"1 minut\" \/>\n<script type=\"application\/ld+json\" class=\"yoast-schema-graph\">{\"@context\":\"https:\\\/\\\/schema.org\",\"@graph\":[{\"@type\":\"WebPage\",\"@id\":\"https:\\\/\\\/www.psoriasisforbundet.se\\\/malmo-vellinge\\\/\",\"url\":\"https:\\\/\\\/www.psoriasisforbundet.se\\\/malmo-vellinge\\\/\",\"name\":\"Startsida - Malm\u00f6 Vellinge\",\"isPartOf\":{\"@id\":\"https:\\\/\\\/www.psoriasisforbundet.se\\\/malmo-vellinge\\\/#website\"},\"datePublished\":\"2017-10-11T19:26:34+00:00\",\"dateModified\":\"2018-01-27T10:50:17+00:00\",\"description\":\"V\u00e4lkommen till Psoriasisf\u00f6rbundet och Malm\u00f6 Vellinge lokalavdelning.\",\"breadcrumb\":{\"@id\":\"https:\\\/\\\/www.psoriasisforbundet.se\\\/malmo-vellinge\\\/#breadcrumb\"},\"inLanguage\":\"sv-SE\",\"potentialAction\":[{\"@type\":\"ReadAction\",\"target\":[\"https:\\\/\\\/www.psoriasisforbundet.se\\\/malmo-vellinge\\\/\"]}]},{\"@type\":\"BreadcrumbList\",\"@id\":\"https:\\\/\\\/www.psoriasisforbundet.se\\\/malmo-vellinge\\\/#breadcrumb\",\"itemListElement\":[{\"@type\":\"ListItem\",\"position\":1,\"name\":\"Startsida\",\"item\":\"https:\\\/\\\/www.psoriasisforbundet.se\\\/malmo-vellinge\\\/\"},{\"@type\":\"ListItem\",\"position\":2,\"name\":\"Startsida\"}]},{\"@type\":\"WebSite\",\"@id\":\"https:\\\/\\\/www.psoriasisforbundet.se\\\/malmo-vellinge\\\/#website\",\"url\":\"https:\\\/\\\/www.psoriasisforbundet.se\\\/malmo-vellinge\\\/\",\"name\":\"Malm\u00f6 Vellinge\",\"description\":\"En till Psorias Sites webbplats\",\"potentialAction\":[{\"@type\":\"SearchAction\",\"target\":{\"@type\":\"EntryPoint\",\"urlTemplate\":\"https:\\\/\\\/www.psoriasisforbundet.se\\\/malmo-vellinge\\\/?s={search_term_string}\"},\"query-input\":{\"@type\":\"PropertyValueSpecification\",\"valueRequired\":true,\"valueName\":\"search_term_string\"}}],\"inLanguage\":\"sv-SE\"}]}<\/script>\n<!-- \/ Yoast SEO plugin. -->","yoast_head_json":{"title":"Startsida - Malm\u00f6 Vellinge","description":"V\u00e4lkommen till Psoriasisf\u00f6rbundet och Malm\u00f6 Vellinge lokalavdelning.","robots":{"index":"index","follow":"follow","max-snippet":"max-snippet:-1","max-image-preview":"max-image-preview:large","max-video-preview":"max-video-preview:-1"},"canonical":"https:\/\/www.psoriasisforbundet.se\/malmo-vellinge\/","og_locale":"sv_SE","og_type":"article","og_title":"Startsida - Malm\u00f6 Vellinge","og_description":"V\u00e4lkommen till Psoriasisf\u00f6rbundet och Malm\u00f6 Vellinge lokalavdelning.","og_url":"https:\/\/www.psoriasisforbundet.se\/malmo-vellinge\/","og_site_name":"Malm\u00f6 Vellinge","article_modified_time":"2018-01-27T10:50:17+00:00","twitter_card":"summary_large_image","twitter_misc":{"Ber\u00e4knad l\u00e4stid":"1 minut"},"schema":{"@context":"https:\/\/schema.org","@graph":[{"@type":"WebPage","@id":"https:\/\/www.psoriasisforbundet.se\/malmo-vellinge\/","url":"https:\/\/www.psoriasisforbundet.se\/malmo-vellinge\/","name":"Startsida - Malm\u00f6 Vellinge","isPartOf":{"@id":"https:\/\/www.psoriasisforbundet.se\/malmo-vellinge\/#website"},"datePublished":"2017-10-11T19:26:34+00:00","dateModified":"2018-01-27T10:50:17+00:00","description":"V\u00e4lkommen till Psoriasisf\u00f6rbundet och Malm\u00f6 Vellinge lokalavdelning.","breadcrumb":{"@id":"https:\/\/www.psoriasisforbundet.se\/malmo-vellinge\/#breadcrumb"},"inLanguage":"sv-SE","potentialAction":[{"@type":"ReadAction","target":["https:\/\/www.psoriasisforbundet.se\/malmo-vellinge\/"]}]},{"@type":"BreadcrumbList","@id":"https:\/\/www.psoriasisforbundet.se\/malmo-vellinge\/#breadcrumb","itemListElement":[{"@type":"ListItem","position":1,"name":"Startsida","item":"https:\/\/www.psoriasisforbundet.se\/malmo-vellinge\/"},{"@type":"ListItem","position":2,"name":"Startsida"}]},{"@type":"WebSite","@id":"https:\/\/www.psoriasisforbundet.se\/malmo-vellinge\/#website","url":"https:\/\/www.psoriasisforbundet.se\/malmo-vellinge\/","name":"Malm\u00f6 Vellinge","description":"En till Psorias Sites webbplats","potentialAction":[{"@type":"SearchAction","target":{"@type":"EntryPoint","urlTemplate":"https:\/\/www.psoriasisforbundet.se\/malmo-vellinge\/?s={search_term_string}"},"query-input":{"@type":"PropertyValueSpecification","valueRequired":true,"valueName":"search_term_string"}}],"inLanguage":"sv-SE"}]}},"_links":{"self":[{"href":"https:\/\/www.psoriasisforbundet.se\/malmo-vellinge\/wp-json\/wp\/v2\/pages\/2","targetHints":{"allow":["GET"]}}],"collection":[{"href":"https:\/\/www.psoriasisforbundet.se\/malmo-vellinge\/wp-json\/wp\/v2\/pages"}],"about":[{"href":"https:\/\/www.psoriasisforbundet.se\/malmo-vellinge\/wp-json\/wp\/v2\/types\/page"}],"author":[{"embeddable":true,"href":"https:\/\/www.psoriasisforbundet.se\/malmo-vellinge\/wp-json\/wp\/v2\/users\/10"}],"replies":[{"embeddable":true,"href":"https:\/\/www.psoriasisforbundet.se\/malmo-vellinge\/wp-json\/wp\/v2\/comments?post=2"}],"version-history":[{"count":5,"href":"https:\/\/www.psoriasisforbundet.se\/malmo-vellinge\/wp-json\/wp\/v2\/pages\/2\/revisions"}],"predecessor-version":[{"id":99,"href":"https:\/\/www.psoriasisforbundet.se\/malmo-vellinge\/wp-json\/wp\/v2\/pages\/2\/revisions\/99"}],"wp:attachment":[{"href":"https:\/\/www.psoriasisforbundet.se\/malmo-vellinge\/wp-json\/wp\/v2\/media?parent=2"}],"curies":[{"name":"wp","href":"https:\/\/api.w.org\/{rel}","templated":true}]}}