{"id":54,"date":"2017-10-25T09:04:16","date_gmt":"2017-10-25T07:04:16","guid":{"rendered":"http:\/\/pso.kund.aloqdev.se\/orebro\/?page_id=54"},"modified":"2026-04-20T16:05:47","modified_gmt":"2026-04-20T14:05:47","slug":"din-chans-att-hjalpa-till","status":"publish","type":"page","link":"https:\/\/www.psoriasisforbundet.se\/orebro\/din-chans-att-hjalpa-till\/","title":{"rendered":"Din chans att hj\u00e4lpa till!"},"content":{"rendered":"","protected":false},"excerpt":{"rendered":"","protected":false},"author":3,"featured_media":0,"parent":0,"menu_order":0,"comment_status":"closed","ping_status":"closed","template":"","meta":{"_acf_changed":false,"_monsterinsights_skip_tracking":false,"_monsterinsights_sitenote_active":false,"_monsterinsights_sitenote_note":"","_monsterinsights_sitenote_category":0,"footnotes":""},"class_list":["post-54","page","type-page","status-publish","hentry"],"acf":[],"yoast_head":"<!-- This site is optimized with the Yoast SEO plugin v27.4 - https:\/\/yoast.com\/product\/yoast-seo-wordpress\/ -->\n<title>Din chans att hj\u00e4lpa till! - \u00d6rebro l\u00e4n<\/title>\n<meta name=\"description\" content=\"Vi beh\u00f6ver ha din hj\u00e4lp!  Sitter du inne med roliga aktiviteter som vi kan hitta p\u00e5, men vet inte vart du kan l\u00e4mna f\u00f6rlagen?  Nu har du din chans att vara med och p\u00e5verka! Vi vill med din hj\u00e4lp bilda en aktivitetsgrupp. Gruppens syfte \u00e4r att komma p\u00e5 aktiviteter f\u00f6r alla \u00e5ldrar och planera dessa.\" \/>\n<meta name=\"robots\" content=\"index, follow, max-snippet:-1, max-image-preview:large, max-video-preview:-1\" \/>\n<link rel=\"canonical\" href=\"https:\/\/www.psoriasisforbundet.se\/orebro\/din-chans-att-hjalpa-till\/\" \/>\n<meta property=\"og:locale\" content=\"sv_SE\" \/>\n<meta property=\"og:type\" content=\"article\" \/>\n<meta property=\"og:title\" content=\"Din chans att hj\u00e4lpa till! - \u00d6rebro l\u00e4n\" \/>\n<meta property=\"og:url\" content=\"https:\/\/www.psoriasisforbundet.se\/orebro\/din-chans-att-hjalpa-till\/\" \/>\n<meta property=\"og:site_name\" content=\"\u00d6rebro l\u00e4n\" \/>\n<meta property=\"article:modified_time\" content=\"2026-04-20T14:05:47+00:00\" \/>\n<meta name=\"twitter:card\" content=\"summary_large_image\" \/>\n<meta name=\"twitter:label1\" content=\"Ber\u00e4knad l\u00e4stid\" \/>\n\t<meta name=\"twitter:data1\" content=\"1 minut\" \/>\n<script type=\"application\/ld+json\" class=\"yoast-schema-graph\">{\"@context\":\"https:\\\/\\\/schema.org\",\"@graph\":[{\"@type\":\"WebPage\",\"@id\":\"https:\\\/\\\/www.psoriasisforbundet.se\\\/orebro\\\/din-chans-att-hjalpa-till\\\/\",\"url\":\"https:\\\/\\\/www.psoriasisforbundet.se\\\/orebro\\\/din-chans-att-hjalpa-till\\\/\",\"name\":\"Din chans att hj\u00e4lpa till! - \u00d6rebro l\u00e4n\",\"isPartOf\":{\"@id\":\"https:\\\/\\\/www.psoriasisforbundet.se\\\/orebro\\\/#website\"},\"datePublished\":\"2017-10-25T07:04:16+00:00\",\"dateModified\":\"2026-04-20T14:05:47+00:00\",\"breadcrumb\":{\"@id\":\"https:\\\/\\\/www.psoriasisforbundet.se\\\/orebro\\\/din-chans-att-hjalpa-till\\\/#breadcrumb\"},\"inLanguage\":\"sv-SE\",\"potentialAction\":[{\"@type\":\"ReadAction\",\"target\":[\"https:\\\/\\\/www.psoriasisforbundet.se\\\/orebro\\\/din-chans-att-hjalpa-till\\\/\"]}]},{\"@type\":\"BreadcrumbList\",\"@id\":\"https:\\\/\\\/www.psoriasisforbundet.se\\\/orebro\\\/din-chans-att-hjalpa-till\\\/#breadcrumb\",\"itemListElement\":[{\"@type\":\"ListItem\",\"position\":1,\"name\":\"Startsida\",\"item\":\"https:\\\/\\\/www.psoriasisforbundet.se\\\/orebro\\\/\"},{\"@type\":\"ListItem\",\"position\":2,\"name\":\"Din chans att hj\u00e4lpa till!\"}]},{\"@type\":\"WebSite\",\"@id\":\"https:\\\/\\\/www.psoriasisforbundet.se\\\/orebro\\\/#website\",\"url\":\"https:\\\/\\\/www.psoriasisforbundet.se\\\/orebro\\\/\",\"name\":\"\u00d6rebro l\u00e4n\",\"description\":\"En till Psorias Sites webbplats\",\"potentialAction\":[{\"@type\":\"SearchAction\",\"target\":{\"@type\":\"EntryPoint\",\"urlTemplate\":\"https:\\\/\\\/www.psoriasisforbundet.se\\\/orebro\\\/?s={search_term_string}\"},\"query-input\":{\"@type\":\"PropertyValueSpecification\",\"valueRequired\":true,\"valueName\":\"search_term_string\"}}],\"inLanguage\":\"sv-SE\"}]}<\/script>\n<!-- \/ Yoast SEO plugin. -->","yoast_head_json":{"title":"Din chans att hj\u00e4lpa till! - \u00d6rebro l\u00e4n","description":"Vi beh\u00f6ver ha din hj\u00e4lp!  Sitter du inne med roliga aktiviteter som vi kan hitta p\u00e5, men vet inte vart du kan l\u00e4mna f\u00f6rlagen?  Nu har du din chans att vara med och p\u00e5verka! Vi vill med din hj\u00e4lp bilda en aktivitetsgrupp. Gruppens syfte \u00e4r att komma p\u00e5 aktiviteter f\u00f6r alla \u00e5ldrar och planera dessa.","robots":{"index":"index","follow":"follow","max-snippet":"max-snippet:-1","max-image-preview":"max-image-preview:large","max-video-preview":"max-video-preview:-1"},"canonical":"https:\/\/www.psoriasisforbundet.se\/orebro\/din-chans-att-hjalpa-till\/","og_locale":"sv_SE","og_type":"article","og_title":"Din chans att hj\u00e4lpa till! - \u00d6rebro l\u00e4n","og_url":"https:\/\/www.psoriasisforbundet.se\/orebro\/din-chans-att-hjalpa-till\/","og_site_name":"\u00d6rebro l\u00e4n","article_modified_time":"2026-04-20T14:05:47+00:00","twitter_card":"summary_large_image","twitter_misc":{"Ber\u00e4knad l\u00e4stid":"1 minut"},"schema":{"@context":"https:\/\/schema.org","@graph":[{"@type":"WebPage","@id":"https:\/\/www.psoriasisforbundet.se\/orebro\/din-chans-att-hjalpa-till\/","url":"https:\/\/www.psoriasisforbundet.se\/orebro\/din-chans-att-hjalpa-till\/","name":"Din chans att hj\u00e4lpa till! - \u00d6rebro l\u00e4n","isPartOf":{"@id":"https:\/\/www.psoriasisforbundet.se\/orebro\/#website"},"datePublished":"2017-10-25T07:04:16+00:00","dateModified":"2026-04-20T14:05:47+00:00","breadcrumb":{"@id":"https:\/\/www.psoriasisforbundet.se\/orebro\/din-chans-att-hjalpa-till\/#breadcrumb"},"inLanguage":"sv-SE","potentialAction":[{"@type":"ReadAction","target":["https:\/\/www.psoriasisforbundet.se\/orebro\/din-chans-att-hjalpa-till\/"]}]},{"@type":"BreadcrumbList","@id":"https:\/\/www.psoriasisforbundet.se\/orebro\/din-chans-att-hjalpa-till\/#breadcrumb","itemListElement":[{"@type":"ListItem","position":1,"name":"Startsida","item":"https:\/\/www.psoriasisforbundet.se\/orebro\/"},{"@type":"ListItem","position":2,"name":"Din chans att hj\u00e4lpa till!"}]},{"@type":"WebSite","@id":"https:\/\/www.psoriasisforbundet.se\/orebro\/#website","url":"https:\/\/www.psoriasisforbundet.se\/orebro\/","name":"\u00d6rebro l\u00e4n","description":"En till Psorias Sites webbplats","potentialAction":[{"@type":"SearchAction","target":{"@type":"EntryPoint","urlTemplate":"https:\/\/www.psoriasisforbundet.se\/orebro\/?s={search_term_string}"},"query-input":{"@type":"PropertyValueSpecification","valueRequired":true,"valueName":"search_term_string"}}],"inLanguage":"sv-SE"}]}},"_links":{"self":[{"href":"https:\/\/www.psoriasisforbundet.se\/orebro\/wp-json\/wp\/v2\/pages\/54","targetHints":{"allow":["GET"]}}],"collection":[{"href":"https:\/\/www.psoriasisforbundet.se\/orebro\/wp-json\/wp\/v2\/pages"}],"about":[{"href":"https:\/\/www.psoriasisforbundet.se\/orebro\/wp-json\/wp\/v2\/types\/page"}],"author":[{"embeddable":true,"href":"https:\/\/www.psoriasisforbundet.se\/orebro\/wp-json\/wp\/v2\/users\/3"}],"replies":[{"embeddable":true,"href":"https:\/\/www.psoriasisforbundet.se\/orebro\/wp-json\/wp\/v2\/comments?post=54"}],"version-history":[{"count":3,"href":"https:\/\/www.psoriasisforbundet.se\/orebro\/wp-json\/wp\/v2\/pages\/54\/revisions"}],"predecessor-version":[{"id":420,"href":"https:\/\/www.psoriasisforbundet.se\/orebro\/wp-json\/wp\/v2\/pages\/54\/revisions\/420"}],"wp:attachment":[{"href":"https:\/\/www.psoriasisforbundet.se\/orebro\/wp-json\/wp\/v2\/media?parent=54"}],"curies":[{"name":"wp","href":"https:\/\/api.w.org\/{rel}","templated":true}]}}