{"id":1091,"date":"2023-07-28T19:41:11","date_gmt":"2023-07-28T17:41:11","guid":{"rendered":"https:\/\/www.psoriasisforbundet.se\/skane\/?page_id=1091"},"modified":"2023-07-28T19:42:34","modified_gmt":"2023-07-28T17:42:34","slug":"seniormassa-i-malmo","status":"publish","type":"page","link":"https:\/\/www.psoriasisforbundet.se\/skane\/seniormassa-i-malmo\/","title":{"rendered":"Seniorm\u00e4ssa i Malm\u00f6"},"content":{"rendered":"","protected":false},"excerpt":{"rendered":"","protected":false},"author":45,"featured_media":0,"parent":0,"menu_order":0,"comment_status":"closed","ping_status":"closed","template":"","meta":{"_acf_changed":false,"_monsterinsights_skip_tracking":false,"_monsterinsights_sitenote_active":false,"_monsterinsights_sitenote_note":"","_monsterinsights_sitenote_category":0,"footnotes":""},"class_list":["post-1091","page","type-page","status-publish","hentry"],"acf":[],"yoast_head":"<!-- This site is optimized with the Yoast SEO plugin v27.3 - https:\/\/yoast.com\/product\/yoast-seo-wordpress\/ -->\n<title>Seniorm\u00e4ssa i Malm\u00f6 - Sk\u00e5ne l\u00e4n<\/title>\n<meta name=\"description\" content=\"Vi fanns i \u00e5r representerade p\u00e5 Seniorm\u00e4ssan i Malm\u00f6 i slutet av april\" \/>\n<meta name=\"robots\" content=\"index, follow, max-snippet:-1, max-image-preview:large, max-video-preview:-1\" \/>\n<link rel=\"canonical\" href=\"https:\/\/www.psoriasisforbundet.se\/skane\/seniormassa-i-malmo\/\" \/>\n<meta property=\"og:locale\" content=\"sv_SE\" \/>\n<meta property=\"og:type\" content=\"article\" \/>\n<meta property=\"og:title\" content=\"Seniorm\u00e4ssa i Malm\u00f6 - Sk\u00e5ne l\u00e4n\" \/>\n<meta property=\"og:url\" content=\"https:\/\/www.psoriasisforbundet.se\/skane\/seniormassa-i-malmo\/\" \/>\n<meta property=\"og:site_name\" content=\"Sk\u00e5ne l\u00e4n\" \/>\n<meta property=\"article:modified_time\" content=\"2023-07-28T17:42:34+00:00\" \/>\n<meta name=\"twitter:card\" content=\"summary_large_image\" \/>\n<script type=\"application\/ld+json\" class=\"yoast-schema-graph\">{\"@context\":\"https:\\\/\\\/schema.org\",\"@graph\":[{\"@type\":\"WebPage\",\"@id\":\"https:\\\/\\\/www.psoriasisforbundet.se\\\/skane\\\/seniormassa-i-malmo\\\/\",\"url\":\"https:\\\/\\\/www.psoriasisforbundet.se\\\/skane\\\/seniormassa-i-malmo\\\/\",\"name\":\"Seniorm\u00e4ssa i Malm\u00f6 - Sk\u00e5ne l\u00e4n\",\"isPartOf\":{\"@id\":\"https:\\\/\\\/www.psoriasisforbundet.se\\\/skane\\\/#website\"},\"datePublished\":\"2023-07-28T17:41:11+00:00\",\"dateModified\":\"2023-07-28T17:42:34+00:00\",\"breadcrumb\":{\"@id\":\"https:\\\/\\\/www.psoriasisforbundet.se\\\/skane\\\/seniormassa-i-malmo\\\/#breadcrumb\"},\"inLanguage\":\"sv-SE\",\"potentialAction\":[{\"@type\":\"ReadAction\",\"target\":[\"https:\\\/\\\/www.psoriasisforbundet.se\\\/skane\\\/seniormassa-i-malmo\\\/\"]}]},{\"@type\":\"BreadcrumbList\",\"@id\":\"https:\\\/\\\/www.psoriasisforbundet.se\\\/skane\\\/seniormassa-i-malmo\\\/#breadcrumb\",\"itemListElement\":[{\"@type\":\"ListItem\",\"position\":1,\"name\":\"Startsida\",\"item\":\"https:\\\/\\\/www.psoriasisforbundet.se\\\/skane\\\/\"},{\"@type\":\"ListItem\",\"position\":2,\"name\":\"Seniorm\u00e4ssa i Malm\u00f6\"}]},{\"@type\":\"WebSite\",\"@id\":\"https:\\\/\\\/www.psoriasisforbundet.se\\\/skane\\\/#website\",\"url\":\"https:\\\/\\\/www.psoriasisforbundet.se\\\/skane\\\/\",\"name\":\"Sk\u00e5ne l\u00e4n\",\"description\":\"En till Psorias Sites webbplats\",\"potentialAction\":[{\"@type\":\"SearchAction\",\"target\":{\"@type\":\"EntryPoint\",\"urlTemplate\":\"https:\\\/\\\/www.psoriasisforbundet.se\\\/skane\\\/?s={search_term_string}\"},\"query-input\":{\"@type\":\"PropertyValueSpecification\",\"valueRequired\":true,\"valueName\":\"search_term_string\"}}],\"inLanguage\":\"sv-SE\"}]}<\/script>\n<!-- \/ Yoast SEO plugin. -->","yoast_head_json":{"title":"Seniorm\u00e4ssa i Malm\u00f6 - Sk\u00e5ne l\u00e4n","description":"Vi fanns i \u00e5r representerade p\u00e5 Seniorm\u00e4ssan i Malm\u00f6 i slutet av april","robots":{"index":"index","follow":"follow","max-snippet":"max-snippet:-1","max-image-preview":"max-image-preview:large","max-video-preview":"max-video-preview:-1"},"canonical":"https:\/\/www.psoriasisforbundet.se\/skane\/seniormassa-i-malmo\/","og_locale":"sv_SE","og_type":"article","og_title":"Seniorm\u00e4ssa i Malm\u00f6 - Sk\u00e5ne l\u00e4n","og_url":"https:\/\/www.psoriasisforbundet.se\/skane\/seniormassa-i-malmo\/","og_site_name":"Sk\u00e5ne l\u00e4n","article_modified_time":"2023-07-28T17:42:34+00:00","twitter_card":"summary_large_image","schema":{"@context":"https:\/\/schema.org","@graph":[{"@type":"WebPage","@id":"https:\/\/www.psoriasisforbundet.se\/skane\/seniormassa-i-malmo\/","url":"https:\/\/www.psoriasisforbundet.se\/skane\/seniormassa-i-malmo\/","name":"Seniorm\u00e4ssa i Malm\u00f6 - Sk\u00e5ne l\u00e4n","isPartOf":{"@id":"https:\/\/www.psoriasisforbundet.se\/skane\/#website"},"datePublished":"2023-07-28T17:41:11+00:00","dateModified":"2023-07-28T17:42:34+00:00","breadcrumb":{"@id":"https:\/\/www.psoriasisforbundet.se\/skane\/seniormassa-i-malmo\/#breadcrumb"},"inLanguage":"sv-SE","potentialAction":[{"@type":"ReadAction","target":["https:\/\/www.psoriasisforbundet.se\/skane\/seniormassa-i-malmo\/"]}]},{"@type":"BreadcrumbList","@id":"https:\/\/www.psoriasisforbundet.se\/skane\/seniormassa-i-malmo\/#breadcrumb","itemListElement":[{"@type":"ListItem","position":1,"name":"Startsida","item":"https:\/\/www.psoriasisforbundet.se\/skane\/"},{"@type":"ListItem","position":2,"name":"Seniorm\u00e4ssa i Malm\u00f6"}]},{"@type":"WebSite","@id":"https:\/\/www.psoriasisforbundet.se\/skane\/#website","url":"https:\/\/www.psoriasisforbundet.se\/skane\/","name":"Sk\u00e5ne l\u00e4n","description":"En till Psorias Sites webbplats","potentialAction":[{"@type":"SearchAction","target":{"@type":"EntryPoint","urlTemplate":"https:\/\/www.psoriasisforbundet.se\/skane\/?s={search_term_string}"},"query-input":{"@type":"PropertyValueSpecification","valueRequired":true,"valueName":"search_term_string"}}],"inLanguage":"sv-SE"}]}},"_links":{"self":[{"href":"https:\/\/www.psoriasisforbundet.se\/skane\/wp-json\/wp\/v2\/pages\/1091","targetHints":{"allow":["GET"]}}],"collection":[{"href":"https:\/\/www.psoriasisforbundet.se\/skane\/wp-json\/wp\/v2\/pages"}],"about":[{"href":"https:\/\/www.psoriasisforbundet.se\/skane\/wp-json\/wp\/v2\/types\/page"}],"author":[{"embeddable":true,"href":"https:\/\/www.psoriasisforbundet.se\/skane\/wp-json\/wp\/v2\/users\/45"}],"replies":[{"embeddable":true,"href":"https:\/\/www.psoriasisforbundet.se\/skane\/wp-json\/wp\/v2\/comments?post=1091"}],"version-history":[{"count":2,"href":"https:\/\/www.psoriasisforbundet.se\/skane\/wp-json\/wp\/v2\/pages\/1091\/revisions"}],"predecessor-version":[{"id":1093,"href":"https:\/\/www.psoriasisforbundet.se\/skane\/wp-json\/wp\/v2\/pages\/1091\/revisions\/1093"}],"wp:attachment":[{"href":"https:\/\/www.psoriasisforbundet.se\/skane\/wp-json\/wp\/v2\/media?parent=1091"}],"curies":[{"name":"wp","href":"https:\/\/api.w.org\/{rel}","templated":true}]}}