{"id":340,"date":"2018-01-27T12:08:35","date_gmt":"2018-01-27T11:08:35","guid":{"rendered":"https:\/\/www.psoriasisforbundet.se\/skane\/?page_id=340"},"modified":"2025-04-22T19:14:12","modified_gmt":"2025-04-22T17:14:12","slug":"arsmote-2019","status":"publish","type":"page","link":"https:\/\/www.psoriasisforbundet.se\/skane\/arsmote-2019\/","title":{"rendered":"\u00c5rsm\u00f6te"},"content":{"rendered":"","protected":false},"excerpt":{"rendered":"","protected":false},"author":45,"featured_media":0,"parent":0,"menu_order":0,"comment_status":"closed","ping_status":"closed","template":"","meta":{"_acf_changed":false,"_monsterinsights_skip_tracking":false,"_monsterinsights_sitenote_active":false,"_monsterinsights_sitenote_note":"","_monsterinsights_sitenote_category":0,"footnotes":""},"class_list":["post-340","page","type-page","status-publish","hentry"],"acf":[],"yoast_head":"<!-- This site is optimized with the Yoast SEO plugin v27.4 - https:\/\/yoast.com\/product\/yoast-seo-wordpress\/ -->\n<title>\u00c5rsm\u00f6te - Sk\u00e5ne l\u00e4n<\/title>\n<meta name=\"robots\" content=\"index, follow, max-snippet:-1, max-image-preview:large, max-video-preview:-1\" \/>\n<link rel=\"canonical\" href=\"https:\/\/www.psoriasisforbundet.se\/skane\/arsmote-2019\/\" \/>\n<meta property=\"og:locale\" content=\"sv_SE\" \/>\n<meta property=\"og:type\" content=\"article\" \/>\n<meta property=\"og:title\" content=\"\u00c5rsm\u00f6te - Sk\u00e5ne l\u00e4n\" \/>\n<meta property=\"og:url\" content=\"https:\/\/www.psoriasisforbundet.se\/skane\/arsmote-2019\/\" \/>\n<meta property=\"og:site_name\" content=\"Sk\u00e5ne l\u00e4n\" \/>\n<meta property=\"article:modified_time\" content=\"2025-04-22T17:14:12+00:00\" \/>\n<meta name=\"twitter:card\" content=\"summary_large_image\" \/>\n<meta name=\"twitter:label1\" content=\"Ber\u00e4knad l\u00e4stid\" \/>\n\t<meta name=\"twitter:data1\" content=\"1 minut\" \/>\n<script type=\"application\/ld+json\" class=\"yoast-schema-graph\">{\"@context\":\"https:\\\/\\\/schema.org\",\"@graph\":[{\"@type\":\"WebPage\",\"@id\":\"https:\\\/\\\/www.psoriasisforbundet.se\\\/skane\\\/arsmote-2019\\\/\",\"url\":\"https:\\\/\\\/www.psoriasisforbundet.se\\\/skane\\\/arsmote-2019\\\/\",\"name\":\"\u00c5rsm\u00f6te - Sk\u00e5ne l\u00e4n\",\"isPartOf\":{\"@id\":\"https:\\\/\\\/www.psoriasisforbundet.se\\\/skane\\\/#website\"},\"datePublished\":\"2018-01-27T11:08:35+00:00\",\"dateModified\":\"2025-04-22T17:14:12+00:00\",\"breadcrumb\":{\"@id\":\"https:\\\/\\\/www.psoriasisforbundet.se\\\/skane\\\/arsmote-2019\\\/#breadcrumb\"},\"inLanguage\":\"sv-SE\",\"potentialAction\":[{\"@type\":\"ReadAction\",\"target\":[\"https:\\\/\\\/www.psoriasisforbundet.se\\\/skane\\\/arsmote-2019\\\/\"]}]},{\"@type\":\"BreadcrumbList\",\"@id\":\"https:\\\/\\\/www.psoriasisforbundet.se\\\/skane\\\/arsmote-2019\\\/#breadcrumb\",\"itemListElement\":[{\"@type\":\"ListItem\",\"position\":1,\"name\":\"Startsida\",\"item\":\"https:\\\/\\\/www.psoriasisforbundet.se\\\/skane\\\/\"},{\"@type\":\"ListItem\",\"position\":2,\"name\":\"\u00c5rsm\u00f6te\"}]},{\"@type\":\"WebSite\",\"@id\":\"https:\\\/\\\/www.psoriasisforbundet.se\\\/skane\\\/#website\",\"url\":\"https:\\\/\\\/www.psoriasisforbundet.se\\\/skane\\\/\",\"name\":\"Sk\u00e5ne l\u00e4n\",\"description\":\"En till Psorias Sites webbplats\",\"potentialAction\":[{\"@type\":\"SearchAction\",\"target\":{\"@type\":\"EntryPoint\",\"urlTemplate\":\"https:\\\/\\\/www.psoriasisforbundet.se\\\/skane\\\/?s={search_term_string}\"},\"query-input\":{\"@type\":\"PropertyValueSpecification\",\"valueRequired\":true,\"valueName\":\"search_term_string\"}}],\"inLanguage\":\"sv-SE\"}]}<\/script>\n<!-- \/ Yoast SEO plugin. -->","yoast_head_json":{"title":"\u00c5rsm\u00f6te - Sk\u00e5ne l\u00e4n","robots":{"index":"index","follow":"follow","max-snippet":"max-snippet:-1","max-image-preview":"max-image-preview:large","max-video-preview":"max-video-preview:-1"},"canonical":"https:\/\/www.psoriasisforbundet.se\/skane\/arsmote-2019\/","og_locale":"sv_SE","og_type":"article","og_title":"\u00c5rsm\u00f6te - Sk\u00e5ne l\u00e4n","og_url":"https:\/\/www.psoriasisforbundet.se\/skane\/arsmote-2019\/","og_site_name":"Sk\u00e5ne l\u00e4n","article_modified_time":"2025-04-22T17:14:12+00:00","twitter_card":"summary_large_image","twitter_misc":{"Ber\u00e4knad l\u00e4stid":"1 minut"},"schema":{"@context":"https:\/\/schema.org","@graph":[{"@type":"WebPage","@id":"https:\/\/www.psoriasisforbundet.se\/skane\/arsmote-2019\/","url":"https:\/\/www.psoriasisforbundet.se\/skane\/arsmote-2019\/","name":"\u00c5rsm\u00f6te - Sk\u00e5ne l\u00e4n","isPartOf":{"@id":"https:\/\/www.psoriasisforbundet.se\/skane\/#website"},"datePublished":"2018-01-27T11:08:35+00:00","dateModified":"2025-04-22T17:14:12+00:00","breadcrumb":{"@id":"https:\/\/www.psoriasisforbundet.se\/skane\/arsmote-2019\/#breadcrumb"},"inLanguage":"sv-SE","potentialAction":[{"@type":"ReadAction","target":["https:\/\/www.psoriasisforbundet.se\/skane\/arsmote-2019\/"]}]},{"@type":"BreadcrumbList","@id":"https:\/\/www.psoriasisforbundet.se\/skane\/arsmote-2019\/#breadcrumb","itemListElement":[{"@type":"ListItem","position":1,"name":"Startsida","item":"https:\/\/www.psoriasisforbundet.se\/skane\/"},{"@type":"ListItem","position":2,"name":"\u00c5rsm\u00f6te"}]},{"@type":"WebSite","@id":"https:\/\/www.psoriasisforbundet.se\/skane\/#website","url":"https:\/\/www.psoriasisforbundet.se\/skane\/","name":"Sk\u00e5ne l\u00e4n","description":"En till Psorias Sites webbplats","potentialAction":[{"@type":"SearchAction","target":{"@type":"EntryPoint","urlTemplate":"https:\/\/www.psoriasisforbundet.se\/skane\/?s={search_term_string}"},"query-input":{"@type":"PropertyValueSpecification","valueRequired":true,"valueName":"search_term_string"}}],"inLanguage":"sv-SE"}]}},"_links":{"self":[{"href":"https:\/\/www.psoriasisforbundet.se\/skane\/wp-json\/wp\/v2\/pages\/340","targetHints":{"allow":["GET"]}}],"collection":[{"href":"https:\/\/www.psoriasisforbundet.se\/skane\/wp-json\/wp\/v2\/pages"}],"about":[{"href":"https:\/\/www.psoriasisforbundet.se\/skane\/wp-json\/wp\/v2\/types\/page"}],"author":[{"embeddable":true,"href":"https:\/\/www.psoriasisforbundet.se\/skane\/wp-json\/wp\/v2\/users\/45"}],"replies":[{"embeddable":true,"href":"https:\/\/www.psoriasisforbundet.se\/skane\/wp-json\/wp\/v2\/comments?post=340"}],"version-history":[{"count":97,"href":"https:\/\/www.psoriasisforbundet.se\/skane\/wp-json\/wp\/v2\/pages\/340\/revisions"}],"predecessor-version":[{"id":1370,"href":"https:\/\/www.psoriasisforbundet.se\/skane\/wp-json\/wp\/v2\/pages\/340\/revisions\/1370"}],"wp:attachment":[{"href":"https:\/\/www.psoriasisforbundet.se\/skane\/wp-json\/wp\/v2\/media?parent=340"}],"curies":[{"name":"wp","href":"https:\/\/api.w.org\/{rel}","templated":true}]}}