{"id":111,"date":"2019-08-26T14:13:05","date_gmt":"2019-08-26T12:13:05","guid":{"rendered":"https:\/\/www.psoriasisforbundet.se\/trelleborg\/?page_id=111"},"modified":"2025-04-02T16:37:47","modified_gmt":"2025-04-02T14:37:47","slug":"reportage","status":"publish","type":"page","link":"https:\/\/www.psoriasisforbundet.se\/trelleborg\/reportage\/","title":{"rendered":"Reportage"},"content":{"rendered":"","protected":false},"excerpt":{"rendered":"","protected":false},"author":63,"featured_media":0,"parent":0,"menu_order":0,"comment_status":"closed","ping_status":"closed","template":"","meta":{"_acf_changed":false,"_monsterinsights_skip_tracking":false,"_monsterinsights_sitenote_active":false,"_monsterinsights_sitenote_note":"","_monsterinsights_sitenote_category":0,"footnotes":""},"class_list":["post-111","page","type-page","status-publish","hentry"],"acf":[],"yoast_head":"<!-- This site is optimized with the Yoast SEO plugin v27.4 - https:\/\/yoast.com\/product\/yoast-seo-wordpress\/ -->\n<title>Reportage - Trelleborg<\/title>\n<meta name=\"description\" content=\"F\u00f6rel\u00e4sning av hudl\u00e4kare Ewa Voog\" \/>\n<meta name=\"robots\" content=\"index, follow, max-snippet:-1, max-image-preview:large, max-video-preview:-1\" \/>\n<link rel=\"canonical\" href=\"https:\/\/www.psoriasisforbundet.se\/trelleborg\/reportage\/\" \/>\n<meta property=\"og:locale\" content=\"sv_SE\" \/>\n<meta property=\"og:type\" content=\"article\" \/>\n<meta property=\"og:title\" content=\"Reportage - Trelleborg\" \/>\n<meta property=\"og:url\" content=\"https:\/\/www.psoriasisforbundet.se\/trelleborg\/reportage\/\" \/>\n<meta property=\"og:site_name\" content=\"Trelleborg\" \/>\n<meta property=\"article:modified_time\" content=\"2025-04-02T14:37:47+00:00\" \/>\n<meta name=\"twitter:card\" content=\"summary_large_image\" \/>\n<meta name=\"twitter:label1\" content=\"Ber\u00e4knad l\u00e4stid\" \/>\n\t<meta name=\"twitter:data1\" content=\"1 minut\" \/>\n<script type=\"application\/ld+json\" class=\"yoast-schema-graph\">{\"@context\":\"https:\\\/\\\/schema.org\",\"@graph\":[{\"@type\":\"WebPage\",\"@id\":\"https:\\\/\\\/www.psoriasisforbundet.se\\\/trelleborg\\\/reportage\\\/\",\"url\":\"https:\\\/\\\/www.psoriasisforbundet.se\\\/trelleborg\\\/reportage\\\/\",\"name\":\"Reportage - Trelleborg\",\"isPartOf\":{\"@id\":\"https:\\\/\\\/www.psoriasisforbundet.se\\\/trelleborg\\\/#website\"},\"datePublished\":\"2019-08-26T12:13:05+00:00\",\"dateModified\":\"2025-04-02T14:37:47+00:00\",\"breadcrumb\":{\"@id\":\"https:\\\/\\\/www.psoriasisforbundet.se\\\/trelleborg\\\/reportage\\\/#breadcrumb\"},\"inLanguage\":\"sv-SE\",\"potentialAction\":[{\"@type\":\"ReadAction\",\"target\":[\"https:\\\/\\\/www.psoriasisforbundet.se\\\/trelleborg\\\/reportage\\\/\"]}]},{\"@type\":\"BreadcrumbList\",\"@id\":\"https:\\\/\\\/www.psoriasisforbundet.se\\\/trelleborg\\\/reportage\\\/#breadcrumb\",\"itemListElement\":[{\"@type\":\"ListItem\",\"position\":1,\"name\":\"Startsida\",\"item\":\"https:\\\/\\\/www.psoriasisforbundet.se\\\/trelleborg\\\/\"},{\"@type\":\"ListItem\",\"position\":2,\"name\":\"Reportage\"}]},{\"@type\":\"WebSite\",\"@id\":\"https:\\\/\\\/www.psoriasisforbundet.se\\\/trelleborg\\\/#website\",\"url\":\"https:\\\/\\\/www.psoriasisforbundet.se\\\/trelleborg\\\/\",\"name\":\"Trelleborg\",\"description\":\"En till Psorias Sites webbplats\",\"potentialAction\":[{\"@type\":\"SearchAction\",\"target\":{\"@type\":\"EntryPoint\",\"urlTemplate\":\"https:\\\/\\\/www.psoriasisforbundet.se\\\/trelleborg\\\/?s={search_term_string}\"},\"query-input\":{\"@type\":\"PropertyValueSpecification\",\"valueRequired\":true,\"valueName\":\"search_term_string\"}}],\"inLanguage\":\"sv-SE\"}]}<\/script>\n<!-- \/ Yoast SEO plugin. -->","yoast_head_json":{"title":"Reportage - Trelleborg","description":"F\u00f6rel\u00e4sning av hudl\u00e4kare Ewa Voog","robots":{"index":"index","follow":"follow","max-snippet":"max-snippet:-1","max-image-preview":"max-image-preview:large","max-video-preview":"max-video-preview:-1"},"canonical":"https:\/\/www.psoriasisforbundet.se\/trelleborg\/reportage\/","og_locale":"sv_SE","og_type":"article","og_title":"Reportage - Trelleborg","og_url":"https:\/\/www.psoriasisforbundet.se\/trelleborg\/reportage\/","og_site_name":"Trelleborg","article_modified_time":"2025-04-02T14:37:47+00:00","twitter_card":"summary_large_image","twitter_misc":{"Ber\u00e4knad l\u00e4stid":"1 minut"},"schema":{"@context":"https:\/\/schema.org","@graph":[{"@type":"WebPage","@id":"https:\/\/www.psoriasisforbundet.se\/trelleborg\/reportage\/","url":"https:\/\/www.psoriasisforbundet.se\/trelleborg\/reportage\/","name":"Reportage - Trelleborg","isPartOf":{"@id":"https:\/\/www.psoriasisforbundet.se\/trelleborg\/#website"},"datePublished":"2019-08-26T12:13:05+00:00","dateModified":"2025-04-02T14:37:47+00:00","breadcrumb":{"@id":"https:\/\/www.psoriasisforbundet.se\/trelleborg\/reportage\/#breadcrumb"},"inLanguage":"sv-SE","potentialAction":[{"@type":"ReadAction","target":["https:\/\/www.psoriasisforbundet.se\/trelleborg\/reportage\/"]}]},{"@type":"BreadcrumbList","@id":"https:\/\/www.psoriasisforbundet.se\/trelleborg\/reportage\/#breadcrumb","itemListElement":[{"@type":"ListItem","position":1,"name":"Startsida","item":"https:\/\/www.psoriasisforbundet.se\/trelleborg\/"},{"@type":"ListItem","position":2,"name":"Reportage"}]},{"@type":"WebSite","@id":"https:\/\/www.psoriasisforbundet.se\/trelleborg\/#website","url":"https:\/\/www.psoriasisforbundet.se\/trelleborg\/","name":"Trelleborg","description":"En till Psorias Sites webbplats","potentialAction":[{"@type":"SearchAction","target":{"@type":"EntryPoint","urlTemplate":"https:\/\/www.psoriasisforbundet.se\/trelleborg\/?s={search_term_string}"},"query-input":{"@type":"PropertyValueSpecification","valueRequired":true,"valueName":"search_term_string"}}],"inLanguage":"sv-SE"}]}},"_links":{"self":[{"href":"https:\/\/www.psoriasisforbundet.se\/trelleborg\/wp-json\/wp\/v2\/pages\/111","targetHints":{"allow":["GET"]}}],"collection":[{"href":"https:\/\/www.psoriasisforbundet.se\/trelleborg\/wp-json\/wp\/v2\/pages"}],"about":[{"href":"https:\/\/www.psoriasisforbundet.se\/trelleborg\/wp-json\/wp\/v2\/types\/page"}],"author":[{"embeddable":true,"href":"https:\/\/www.psoriasisforbundet.se\/trelleborg\/wp-json\/wp\/v2\/users\/63"}],"replies":[{"embeddable":true,"href":"https:\/\/www.psoriasisforbundet.se\/trelleborg\/wp-json\/wp\/v2\/comments?post=111"}],"version-history":[{"count":9,"href":"https:\/\/www.psoriasisforbundet.se\/trelleborg\/wp-json\/wp\/v2\/pages\/111\/revisions"}],"predecessor-version":[{"id":273,"href":"https:\/\/www.psoriasisforbundet.se\/trelleborg\/wp-json\/wp\/v2\/pages\/111\/revisions\/273"}],"wp:attachment":[{"href":"https:\/\/www.psoriasisforbundet.se\/trelleborg\/wp-json\/wp\/v2\/media?parent=111"}],"curies":[{"name":"wp","href":"https:\/\/api.w.org\/{rel}","templated":true}]}}